{"id":21,"date":"2022-06-14T12:36:35","date_gmt":"2022-06-14T12:36:35","guid":{"rendered":"https:\/\/notarkammer-kassel.de\/?page_id=21"},"modified":"2024-08-06T09:17:50","modified_gmt":"2024-08-06T09:17:50","slug":"aufgaben","status":"publish","type":"page","link":"https:\/\/notarkammer-kassel.de\/index.php\/aufgaben\/","title":{"rendered":"Notarkammer Kassel und deren Aufgaben"},"content":{"rendered":"\n<p>Die Notarkammer Kassel ist eine K\u00f6rperschaft des \u00f6ffentlichen Rechts und untersteht der Rechtsaufsicht der Landesjustizverwaltung. Zusammen mit der Rechtsanwaltskammer Kassel unterh\u00e4lt sie eine Gesch\u00e4ftsstelle in der Karth\u00e4userstra\u00dfe 5a, Kassel.<\/p>\n\n\n\n<p>Mitglieder sind alle Notarinnen und Notare aus den Landgerichtsbezirken Kassel, Marburg und Fulda. Die Mitglieder sind Anwaltsnotarinnen und Anwaltsnotare, d. h., sie \u00fcben das \u00f6ffentliche Notaramt neben dem Beruf der Rechtsanw\u00e4ltin bzw. des Rechtsanwalts aus.<\/p>\n\n\n\n<p>In Hessen gibt es noch eine weitere Notarkammer in Frankfurt am Main, die f\u00fcr die voranstehend nicht genannten Landgerichtsbezirke des Landes zust\u00e4ndig ist.<\/p>\n\n\n\n<p>Die Notarkammer vertritt alle in ihr zusammengeschlossenen Notare und hat \u00fcber Ehre und Ansehen ihrer Mitglieder zu wachen, die Aufsichtsbeh\u00f6rden bei ihrer T\u00e4tigkeit zu unterst\u00fctzen, die Pflege des Notariatsrechts zu f\u00f6rdern und f\u00fcr eine gewissenhafte und lautere Berufsaus\u00fcbung der Notare zu sorgen.<\/p>\n\n\n\n<p>Um diesen Aufgaben gerecht zu werden, unterst\u00fctzt die Notarkammer ihre Mitglieder umfassend durch Versendung von Rundschreiben, die Beantwortung von Anfragen und die Bereithaltung von Versicherungsvertr\u00e4gen.<\/p>\n\n\n\n<p>Gemeinsam mit den anderen deutschen Notarkammern unterh\u00e4lt die Notarkammer Kassel das Deutsche Notarinstitut in W\u00fcrzburg, das s\u00e4mtlichen deutschen Notarinnen und Notaren wissenschaftlich fundierten Rat zur Unterst\u00fctzung der notariellen T\u00e4tigkeit erteilt.<\/p>\n\n\n\n<p>In besonderer Weise f\u00fchlt sich die Notarkammer den Rechtsuchenden verpflichtet. Sie bearbeitet Beschwerden von Beteiligten, die mit der Arbeit des Notars nicht einverstanden sind. In diesen F\u00e4llen versucht die Kammer vor allem zwischen den Beschwerdef\u00fchrern und den betroffenen Notarinnen und Notaren zu vermitteln.<\/p>\n\n\n\n<p>Schlie\u00dflich ist die Notarkammer Kassel gem\u00e4\u00df \u00a7 51 BNotO f\u00fcr die Verwahrung von Akten und Verzeichnissen sowie der dem Notar amtlich \u00fcbergebenen Urkunden und Wertgegenst\u00e4nde ausgeschiedener Notare im Kammerbezirk zust\u00e4ndig, wenn das Amt nach dem 01.01.2022 erloschen ist.<\/p>\n","protected":false},"excerpt":{"rendered":"<p>Die Notarkammer Kassel ist eine K\u00f6rperschaft des \u00f6ffentlichen Rechts und untersteht der Rechtsaufsicht der Landesjustizverwaltung. Zusammen mit der Rechtsanwaltskammer Kassel unterh\u00e4lt sie eine Gesch\u00e4ftsstelle in der Karth\u00e4userstra\u00dfe 5a, Kassel. Mitglieder sind alle Notarinnen und Notare aus den Landgerichtsbezirken Kassel, Marburg und Fulda. Die Mitglieder sind Anwaltsnotarinnen und Anwaltsnotare, d. h., sie \u00fcben das \u00f6ffentliche Notaramt&hellip;&nbsp;<a href=\"https:\/\/notarkammer-kassel.de\/index.php\/aufgaben\/\" rel=\"bookmark\">Weiterlesen &raquo;<span class=\"screen-reader-text\">Notarkammer Kassel und deren Aufgaben<\/span><\/a><\/p>\n","protected":false},"author":1,"featured_media":0,"parent":0,"menu_order":0,"comment_status":"closed","ping_status":"closed","template":"","meta":{"neve_meta_sidebar":"","neve_meta_container":"","neve_meta_enable_content_width":"","neve_meta_content_width":0,"neve_meta_title_alignment":"","neve_meta_author_avatar":"","neve_post_elements_order":"","neve_meta_disable_header":"","neve_meta_disable_footer":"","neve_meta_disable_title":"","_themeisle_gutenberg_block_has_review":false,"footnotes":""},"class_list":["post-21","page","type-page","status-publish","hentry"],"_links":{"self":[{"href":"https:\/\/notarkammer-kassel.de\/index.php\/wp-json\/wp\/v2\/pages\/21","targetHints":{"allow":["GET"]}}],"collection":[{"href":"https:\/\/notarkammer-kassel.de\/index.php\/wp-json\/wp\/v2\/pages"}],"about":[{"href":"https:\/\/notarkammer-kassel.de\/index.php\/wp-json\/wp\/v2\/types\/page"}],"author":[{"embeddable":true,"href":"https:\/\/notarkammer-kassel.de\/index.php\/wp-json\/wp\/v2\/users\/1"}],"replies":[{"embeddable":true,"href":"https:\/\/notarkammer-kassel.de\/index.php\/wp-json\/wp\/v2\/comments?post=21"}],"version-history":[{"count":4,"href":"https:\/\/notarkammer-kassel.de\/index.php\/wp-json\/wp\/v2\/pages\/21\/revisions"}],"predecessor-version":[{"id":366,"href":"https:\/\/notarkammer-kassel.de\/index.php\/wp-json\/wp\/v2\/pages\/21\/revisions\/366"}],"wp:attachment":[{"href":"https:\/\/notarkammer-kassel.de\/index.php\/wp-json\/wp\/v2\/media?parent=21"}],"curies":[{"name":"wp","href":"https:\/\/api.w.org\/{rel}","templated":true}]}}