{"id":31,"date":"2022-06-14T12:38:11","date_gmt":"2022-06-14T12:38:11","guid":{"rendered":"https:\/\/notarkammer-kassel.de\/?page_id=31"},"modified":"2022-06-27T12:29:24","modified_gmt":"2022-06-27T12:29:24","slug":"ausbildungsordnung","status":"publish","type":"page","link":"https:\/\/notarkammer-kassel.de\/index.php\/ausbildungsordnung\/","title":{"rendered":"Ausbildungsordnung der Notarkammer Kassel"},"content":{"rendered":"\n<h2 class=\"wp-block-heading\"><strong>f\u00fcr die Praxisausbildung k\u00fcnftiger Notarinnen und Notare<br>nach \u00a7 6 Abs. 2 Satz 2 und 3 der Bundesnotarordnung<\/strong><\/h2>\n\n\n\n<p>vom 4. Mai 2011<\/p>\n\n\n\n<p>Aufgrund des \u00a7 120 Abs. 3 der Bundesnotarordnung in der im Bundesgesetzblatt Teil III, Gliederungsnummer 303-1, ver\u00f6ffentlichten bereinigten Fassung, zuletzt ge\u00e4ndert durch Gesetz vom 22. Dezember 2010 (BGBl. I S. 2248), in Verbindung mit \u00a7 6 Abs. 2 Satz 4 der Bundesnotarordnung in der Fassung des Gesetzes vom 2. April 2009 (BGBl. I S. 696) hat die Kammerversammlung der Notarkammer Kassel am 4. Mai 2011 die folgende Satzung beschlossen:<\/p>\n\n\n\n<p><strong>\u00a7 1<br>Praxisausbildung<\/strong><\/p>\n\n\n\n<p>(1) Ziel der Praxisausbildung bei einer Notarin oder einem Notar (Ausbildungsnotare) ist es, k\u00fcnftige Anwaltsnotarinnen und Anwaltsnotare (Bewerber) mit der notariellen Berufspraxis hinreichend vertraut zu machen und ihnen die praktischen Anforderungen an die Aus\u00fcbung des Notaramtes zu vermitteln. Die Praxisausbildung soll insbesondere auch das Steuer- und Kostenwesen, die Anforderungen der Berufsrechtsrichtlinien der Notarkammer sowie die Anwendung der Dienstordnung f\u00fcr Notarinnen und Notare einbeziehen.<br><br>(2) Die Praxisausbildung wird von der Ausbildungsnotarin oder dem Ausbildungsnotar eigenverantwortlich gestaltet und pers\u00f6nlich geleitet. Bei ihrer Gestaltung ist der berufspraktischen Zielsetzung Rechnung zu tragen.<br><br>(3) Die Praxisausbildung ist unentgeltlich. Sie umfasst 160 Zeitstunden, soweit die Notarkammer nicht eine Verk\u00fcrzung nach \u00a7 6 Abs. 2 Satz 3 der Bundesnotarordnung bewilligt.<br><br>(4) Die Praxisausbildung kann auf mehrere zeitliche Abschnitte verteilt und bei verschiedenen Ausbildungsnotaren, auch solchen, die Mitglied einer anderen Notarkammer sind, abgeleistet werden.<br><\/p>\n\n\n\n<p><strong>\u00a7 2<br>Zulassung<\/strong><\/p>\n\n\n\n<p>(1) Zur Praxisausbildung ist auf Antrag zuzulassen, wer die notarielle Fachpr\u00fcfung nach \u00a7 7a der Bundesnotarordnung bestanden hat und seine anwaltliche T\u00e4tigkeit im Bereich der Notarkammer Kassel aus\u00fcbt. Wer f\u00fcr die Bestellung zur Notarin oder zum Notar bereits ausgew\u00e4hlt worden ist, ist vorrangig zu ber\u00fccksichtigen.<br><br>(2) Dem Antrag sind beizuf\u00fcgen:<\/p>\n\n\n\n<figure class=\"wp-block-table\"><table><tbody><tr><td>1.<\/td><td>eine notariell beglaubigte Kopie des Zeugnisses \u00fcber die bestandene notarielle Fachpr\u00fcfung,<\/td><\/tr><tr><td>2.<\/td><td>eine Bescheinigung \u00fcber die Mitgliedschaft in der Rechtsanwaltskammer,<\/td><\/tr><tr><td>3.<\/td><td>eine Erkl\u00e4rung dar\u00fcber, wo und seit wann die anwaltliche T\u00e4tigkeit nach \u00a7 6 Abs. 2 Satz 1 Nr. 1 und 2 der Bundesnotarordnung im Bezirk der Notarkammer ausge\u00fcbt und f\u00fcr welchen Zeitpunkt eine Bewerbung f\u00fcr das Notaramt angestrebt wird, und<\/td><\/tr><tr><td>4.<\/td><td>gegebenenfalls ein Vorschlag zur Bestimmung der Ausbildungsnotarin oder des Ausbildungsnotars nebst Einverst\u00e4ndniserkl\u00e4rung nach \u00a7 4 Abs. 1 Satz 2 und im Fall des \u00a7 4 Abs. 1 Satz 3 die Zustimmungserkl\u00e4rung der anderen Notarkammer.<\/td><\/tr><\/tbody><\/table><\/figure>\n\n\n\n<p><strong>\u00a7 3<br>Ausbildungsnotare<\/strong><\/p>\n\n\n\n<p>(1) Als Ausbildungsnotare k\u00f6nnen Notarinnen und Notare im Sinne des \u00a7 3 Abs. 2 der Bundesnotarordnung bestimmt werden, die das Notaramt seit mindestens drei Jahren aus\u00fcben und eine ordnungsgem\u00e4\u00dfe Praxisausbildung im Sinne des \u00a7 1 Abs. 1 gew\u00e4hrleisten.<br><br>(2) Soweit nicht im Einzelfall gewichtige pers\u00f6nliche oder berufliche Belange entgegenstehen, sollen sich die Notarinnen und Notare des Kammerbezirks f\u00fcr die Praxisausbildung zur Verf\u00fcgung stellen.<br><\/p>\n\n\n\n<p><strong>\u00a7 4<br>Bestimmung des Ausbildungsnotars<\/strong><\/p>\n\n\n\n<p>(1) Die Ausbildungsnotarin oder der Ausbildungsnotar wird auf Vorschlag der Bewerberin oder des Bewerbers oder von Amts wegen von der Notarkammer bestimmt. Dem Vorschlag ist eine Einverst\u00e4ndniserkl\u00e4rung der oder des Vorgeschlagenen beizuf\u00fcgen. Wird eine Notarin oder ein Notar vorgeschlagen, die oder der Mitglied einer anderen Notarkammer ist, so ist auch die Zustimmungserkl\u00e4rung dieser Notarkammer vorzulegen.<br><br>(2) Die Notarkammer ist an den Vorschlag nicht gebunden. Sie bestimmt die Ausbildungsnotarinnen und -notare nach pflichtgem\u00e4\u00dfem Ermessen. Bei der Ermessensaus\u00fcbung hat sie deren Belange und die der Bewerberinnen und Bewerber zu ber\u00fccksichtigen, insbesondere die Entfernung zwischen der Kanzlei der Bewerberin oder des Bewerbers und der Ausbildungsstelle. Die Bewerberinnen und Bewerber k\u00f6nnen der Bestimmung nur widersprechen, wenn sie wegen Unvereinbarkeit mit ihren anwaltlichen Berufspflichten, m\u00f6glicher Interessenkonflikte oder aus pers\u00f6nlichen Gr\u00fcnden unzumutbar ist. Die Gr\u00fcnde f\u00fcr die Unzumutbarkeit haben sie schriftlich darzulegen.<br><br>(3) \u00dcber die Bestimmung der Ausbildungsnotarin oder des Ausbildungsnotars erteilt die Notarkammer der Bewerberin oder dem Bewerber eine Bescheinigung.<br><\/p>\n\n\n\n<p><strong>\u00a7 5<br>Bescheinigung \u00fcber die Praxisausbildung<\/strong><\/p>\n\n\n\n<p>Die Ausbildungsnotarinnen und -notare bescheinigen den Ausgebildeten die durchlaufene Praxisausbildung. Die Bescheinigung enth\u00e4lt<\/p>\n\n\n\n<figure class=\"wp-block-table\"><table><tbody><tr><td>1.<\/td><td>Name und Gesch\u00e4ftsstellenanschrift der Ausbildungsnotarin oder des Ausbildungsnotars,<\/td><\/tr><tr><td>2.<\/td><td>Name, Geburtsdatum und Anschrift der oder des Ausgebildeten,<\/td><\/tr><tr><td>3.<\/td><td>die Bezeichnung der Notarkammer, die die Bestimmung nach \u00a7 4 Abs. 2 vorgenommen hat,<\/td><\/tr><tr><td>4.<\/td><td>den Ausbildungszeitraum und die Zahl der Ausbildungsstunden,<\/td><\/tr><tr><td>5.<\/td><td>Datum, Amtssiegel und Unterschrift der Ausbildungsnotarin oder des Ausbildungsnotars.<\/td><\/tr><\/tbody><\/table><\/figure>\n\n\n\n<p><strong>\u00a7 6<br>Verk\u00fcrzung der Praxisausbildung<\/strong><\/p>\n\n\n\n<p>(1) Die Notarkammer bewilligt auf Antrag eine Verk\u00fcrzung der Praxisausbildung um bis zu 80 Stunden, soweit Bewerberinnen und Bewerber nachweisen, dass sie im Rahmen von Notarvertretungen oder Notariatsverwaltungen Urkundsgesch\u00e4fte get\u00e4tigt oder erfolgreich an Praxislehrg\u00e4ngen nach \u00a7 7 teilgenommen haben.<br><br>(2) F\u00fcr jede seit der Zulassung zur Rechtsanwaltschaft im Rahmen von Notarvertretungen oder Notariatsverwaltungen aufgenommene Niederschrift nach \u00a7\u00a7 8, 36 und 38 des Beurkundungsgesetzes wird die Praxisausbildung um eine Stunde verk\u00fcrzt. F\u00fcr jede durchgef\u00fchrte Unterschriftsbeglaubigung mit vorheriger Entwurfsfertigung wird die Praxisausbildung um eine halbe Stunde verk\u00fcrzt.<br><br>(3) F\u00fcr die erfolgreiche Teilnahme an einem Praxislehrgang nach \u00a7 7 wird die Praxisausbildung um die entsprechende Stundenzahl des Praxislehrgangs gek\u00fcrzt.<br><br>(4) Die Anzahl der Urkundsgesch\u00e4fte ist durch Bescheinigungen der vertretenen Notarinnen und Notare oder, soweit dies nicht m\u00f6glich ist, der Beh\u00f6rdenleitung des zust\u00e4ndigen Amtsgerichts nachzuweisen. Die erfolgreiche Teilnahme an Praxislehrg\u00e4ngen ist durch Vorlage einer Bescheinigung des Veranstalters nachzuweisen, aus der die Stundenzahl hervorgeht.<br><\/p>\n\n\n\n<p><strong>\u00a7 7<br>Verk\u00fcrzung der Praxisausbildung<\/strong><\/p>\n\n\n\n<p>(1) Die Praxislehrg\u00e4nge sind von Notarinnen und Notaren zu leiten, die seit mindestens drei Jahren ihr Amt aus\u00fcben. Andere Lehrpersonen k\u00f6nnen beteiligt werden, wenn sie einen unmittelbaren Bezug zur notariellen Berufspraxis haben.<br><br>(2) F\u00fcr das Ziel und die Ausgestaltung der Praxislehrg\u00e4nge gilt \u00a7 1 Abs. 1 entsprechend.<br><br>(3) Am Ende jedes Praxislehrgangs haben die Teilnehmenden in einem schriftlichen Test unter Beweis zu stellen, dass sie das Lehrgangsziel erreicht haben. Ist dies der Fall, erteilt ihnen die Lehrgangsleitung eine Bescheinigung \u00fcber die erfolgreiche Teilnahme und die Stundenzahl des Praxislehrgangs.<br><br>(4) Die Notarkammer ist nicht verpflichtet, Praxislehrg\u00e4nge anzubieten. Sie kann f\u00fcr von ihr durchgef\u00fchrte Praxislehrg\u00e4nge Teilnahmegeb\u00fchren erheben.<br><\/p>\n\n\n\n<p><strong>\u00a7 8<br>Inkrafttreten<\/strong><\/p>\n\n\n\n<p>Diese Ausbildungsordnung tritt am Tag nach der Ver\u00f6ffentlichung im Justiz-Ministerial-Blatt f\u00fcr Hessen in Kraft.<\/p>\n\n\n\n<p>Nottelmann<br>(Pr\u00e4sident)<\/p>\n\n\n\n<p>Die vorstehende Ausbildungsordnung der Notarkammer Kassel wurde durch die au\u00dferordentliche Kammerversammlung am 04.05.2011 beschlossen und vom Hessischen Ministerium der Justiz, f\u00fcr Integration und Europa mit Bescheid vom 10.05.2011 genehmigt.<\/p>\n","protected":false},"excerpt":{"rendered":"<p>f\u00fcr die Praxisausbildung k\u00fcnftiger Notarinnen und Notarenach \u00a7 6 Abs. 2 Satz 2 und 3 der Bundesnotarordnung vom 4. Mai 2011 Aufgrund des \u00a7 120 Abs. 3 der Bundesnotarordnung in der im Bundesgesetzblatt Teil III, Gliederungsnummer 303-1, ver\u00f6ffentlichten bereinigten Fassung, zuletzt ge\u00e4ndert durch Gesetz vom 22. Dezember 2010 (BGBl. I S. 2248), in Verbindung mit&hellip;&nbsp;<a href=\"https:\/\/notarkammer-kassel.de\/index.php\/ausbildungsordnung\/\" rel=\"bookmark\">Weiterlesen &raquo;<span class=\"screen-reader-text\">Ausbildungsordnung der Notarkammer Kassel<\/span><\/a><\/p>\n","protected":false},"author":1,"featured_media":0,"parent":0,"menu_order":0,"comment_status":"closed","ping_status":"closed","template":"","meta":{"neve_meta_sidebar":"","neve_meta_container":"","neve_meta_enable_content_width":"","neve_meta_content_width":0,"neve_meta_title_alignment":"","neve_meta_author_avatar":"","neve_post_elements_order":"","neve_meta_disable_header":"","neve_meta_disable_footer":"","neve_meta_disable_title":"","_themeisle_gutenberg_block_has_review":false,"footnotes":""},"class_list":["post-31","page","type-page","status-publish","hentry"],"_links":{"self":[{"href":"https:\/\/notarkammer-kassel.de\/index.php\/wp-json\/wp\/v2\/pages\/31","targetHints":{"allow":["GET"]}}],"collection":[{"href":"https:\/\/notarkammer-kassel.de\/index.php\/wp-json\/wp\/v2\/pages"}],"about":[{"href":"https:\/\/notarkammer-kassel.de\/index.php\/wp-json\/wp\/v2\/types\/page"}],"author":[{"embeddable":true,"href":"https:\/\/notarkammer-kassel.de\/index.php\/wp-json\/wp\/v2\/users\/1"}],"replies":[{"embeddable":true,"href":"https:\/\/notarkammer-kassel.de\/index.php\/wp-json\/wp\/v2\/comments?post=31"}],"version-history":[{"count":3,"href":"https:\/\/notarkammer-kassel.de\/index.php\/wp-json\/wp\/v2\/pages\/31\/revisions"}],"predecessor-version":[{"id":125,"href":"https:\/\/notarkammer-kassel.de\/index.php\/wp-json\/wp\/v2\/pages\/31\/revisions\/125"}],"wp:attachment":[{"href":"https:\/\/notarkammer-kassel.de\/index.php\/wp-json\/wp\/v2\/media?parent=31"}],"curies":[{"name":"wp","href":"https:\/\/api.w.org\/{rel}","templated":true}]}}