{"id":37,"date":"2022-06-14T12:39:22","date_gmt":"2022-06-14T12:39:22","guid":{"rendered":"https:\/\/notarkammer-kassel.de\/?page_id=37"},"modified":"2022-07-04T07:54:53","modified_gmt":"2022-07-04T07:54:53","slug":"amtspflichten","status":"publish","type":"page","link":"https:\/\/notarkammer-kassel.de\/index.php\/amtspflichten\/","title":{"rendered":"Amtspflichten"},"content":{"rendered":"\n<p>Seiner Rolle als notarieller Dritter kann der Notar nur gerecht werden, wenn er unabh\u00e4ngig arbeiten kann. Deshalb hat ein Notar keinen Vorgesetzten. Richtschnur f\u00fcr seine Arbeit sind ausschlie\u00dflich Recht und Gesetz. Der Anwaltsnotar hat bei der notariellen Amtsaus\u00fcbung auch nicht allein die Interessen einer Partei im Auge zu behalten, sondern er hat sich als Mittler zwischen den Beteiligten strikt neutral zu verhalten. Er muss bei einem Grundst\u00fcckskaufvertrag beide Seiten auf die Konsequenzen der Vertragsbestimmungen aufmerksam machen.<\/p>\n\n\n\n<p>Der Notar arbeitet auf eigenes Risiko:<br>F\u00fcr selbstverschuldete Sch\u00e4den haftet er mit seinem gesamten Verm\u00f6gen. Jeder Notar hat einen Eid auf gewissenhafte Amtsf\u00fchrung abzulegen. Regelm\u00e4\u00dfig \u00fcberpr\u00fcft der zust\u00e4ndige Landgerichtspr\u00e4sident die Einhaltung aller relevanten Gesetze und Vorschriften bis hin zur korrekten Abrechnung der Kosten und Geb\u00fchren mit den Klienten.<\/p>\n\n\n\n<p>Die Aufsichtsbeh\u00f6rden haben die M\u00f6glichkeit, Disziplinarma\u00dfnahmen gegen Notare zu verh\u00e4ngen. Bei besonders krassen Verst\u00f6\u00dfen gegen Dienstpflichten droht sogar die Amtsenthebung. Vor Verh\u00e4ngung dieser Ma\u00dfnahmen wird die zust\u00e4ndige Notarkammer angeh\u00f6rt.<\/p>\n\n\n\n<p>Beschwerden \u00fcber die Amtst\u00e4tigkeit von Notaren k\u00f6nnen auch bei der zust\u00e4ndigen Notarkammer eingelegt werden, die diesen Beschwerden nachgeht und ggf. an die Aufsichtsbeh\u00f6rde zust\u00e4ndigkeitshalber weiterleitet.<\/p>\n","protected":false},"excerpt":{"rendered":"<p>Seiner Rolle als notarieller Dritter kann der Notar nur gerecht werden, wenn er unabh\u00e4ngig arbeiten kann. Deshalb hat ein Notar keinen Vorgesetzten. Richtschnur f\u00fcr seine Arbeit sind ausschlie\u00dflich Recht und Gesetz. Der Anwaltsnotar hat bei der notariellen Amtsaus\u00fcbung auch nicht allein die Interessen einer Partei im Auge zu behalten, sondern er hat sich als Mittler&hellip;&nbsp;<a href=\"https:\/\/notarkammer-kassel.de\/index.php\/amtspflichten\/\" rel=\"bookmark\">Weiterlesen &raquo;<span class=\"screen-reader-text\">Amtspflichten<\/span><\/a><\/p>\n","protected":false},"author":1,"featured_media":0,"parent":0,"menu_order":0,"comment_status":"closed","ping_status":"closed","template":"","meta":{"neve_meta_sidebar":"","neve_meta_container":"","neve_meta_enable_content_width":"","neve_meta_content_width":0,"neve_meta_title_alignment":"","neve_meta_author_avatar":"","neve_post_elements_order":"","neve_meta_disable_header":"","neve_meta_disable_footer":"","neve_meta_disable_title":"","_themeisle_gutenberg_block_has_review":false,"footnotes":""},"class_list":["post-37","page","type-page","status-publish","hentry"],"_links":{"self":[{"href":"https:\/\/notarkammer-kassel.de\/index.php\/wp-json\/wp\/v2\/pages\/37","targetHints":{"allow":["GET"]}}],"collection":[{"href":"https:\/\/notarkammer-kassel.de\/index.php\/wp-json\/wp\/v2\/pages"}],"about":[{"href":"https:\/\/notarkammer-kassel.de\/index.php\/wp-json\/wp\/v2\/types\/page"}],"author":[{"embeddable":true,"href":"https:\/\/notarkammer-kassel.de\/index.php\/wp-json\/wp\/v2\/users\/1"}],"replies":[{"embeddable":true,"href":"https:\/\/notarkammer-kassel.de\/index.php\/wp-json\/wp\/v2\/comments?post=37"}],"version-history":[{"count":2,"href":"https:\/\/notarkammer-kassel.de\/index.php\/wp-json\/wp\/v2\/pages\/37\/revisions"}],"predecessor-version":[{"id":106,"href":"https:\/\/notarkammer-kassel.de\/index.php\/wp-json\/wp\/v2\/pages\/37\/revisions\/106"}],"wp:attachment":[{"href":"https:\/\/notarkammer-kassel.de\/index.php\/wp-json\/wp\/v2\/media?parent=37"}],"curies":[{"name":"wp","href":"https:\/\/api.w.org\/{rel}","templated":true}]}}